{"id":4349,"date":"2019-08-15T11:36:04","date_gmt":"2019-08-15T09:36:04","guid":{"rendered":"http:\/\/www.leschateaux.ch\/?page_id=4349"},"modified":"2021-09-17T09:34:32","modified_gmt":"2021-09-17T07:34:32","slug":"cat-noumea-2","status":"publish","type":"page","link":"https:\/\/www.leschateaux.ch\/?page_id=4349","title":{"rendered":"Presse"},"content":{"rendered":"<div class=\"wpb-content-wrapper\"><p>[vc_row][vc_column][vc_tta_tour][vc_tta_section title=&#8221;2021 &#8211; Un C\u00e2lin \u00e0 Goumoens &#8211; Deux nouveaux b\u00e2timents en projet&#8221; tab_id=&#8221;1631863574864-6c10ca78-1994&#8243;][vc_column_text]<iframe src=\"\/\/docs.google.com\/viewer?url=http%3A%2F%2Fwww.leschateaux.ch%2Fwp%2Fwp-content%2Fuploads%2F2021%2F09%2FDOC170921.pdf&hl=fr&embedded=true\" class=\"gde-frame\" style=\"width:100%; height:1000px; border: none;\" scrolling=\"no\"><\/iframe>\n<p class=\"gde-text\"><a href=\"http:\/\/www.leschateaux.ch\/wp\/wp-content\/uploads\/2021\/09\/DOC170921.pdf\" class=\"gde-link\">T\u00e9l\u00e9charger (PDF, 1.49Mo)<\/a><\/p>[\/vc_column_text][\/vc_tta_section][vc_tta_section title=&#8221;2021 : Des pav\u00e9s pour faciliter l&#8217;acc\u00e8s de la table d&#8217;orientation \u00e0 Goumoens&#8221; tab_id=&#8221;1631863180022-c3bf9459-f4ce&#8221;][vc_column_text]<iframe src=\"\/\/docs.google.com\/viewer?url=http%3A%2F%2Fwww.leschateaux.ch%2Fwp%2Fwp-content%2Fuploads%2F2021%2F09%2FArticle-Echo-Assoc-les-Amis.pdf&hl=fr&embedded=true\" class=\"gde-frame\" style=\"width:100%; height:1000px; border: none;\" scrolling=\"no\"><\/iframe>\n<p class=\"gde-text\"><a href=\"http:\/\/www.leschateaux.ch\/wp\/wp-content\/uploads\/2021\/09\/Article-Echo-Assoc-les-Amis.pdf\" class=\"gde-link\">T\u00e9l\u00e9charger (PDF, 1.24Mo)<\/a><\/p>[\/vc_column_text][\/vc_tta_section][vc_tta_section title=&#8221;2021 : Vaccination en janvier aux Chateaux&#8221; tab_id=&#8221;1611212623772-712c7ec1-3fd2&#8243;][vc_column_text]<iframe src=\"\/\/docs.google.com\/viewer?url=http%3A%2F%2Fwww.leschateaux.ch%2Fwp%2Fwp-content%2Fuploads%2F2021%2F01%2FArticle-Echo-vaccination.pdf&hl=fr&embedded=true\" class=\"gde-frame\" style=\"width:100%; height:1000px; border: none;\" scrolling=\"no\"><\/iframe>\n<p class=\"gde-text\"><a href=\"http:\/\/www.leschateaux.ch\/wp\/wp-content\/uploads\/2021\/01\/Article-Echo-vaccination.pdf\" class=\"gde-link\">T\u00e9l\u00e9charger (PDF, 2.07Mo)<\/a><\/p>[\/vc_column_text][\/vc_tta_section][vc_tta_section title=&#8221;2020 : No\u00ebl des Kiwanis&#8221; tab_id=&#8221;1610621944520-b7820929-22a0&#8243;][vc_column_text]<iframe src=\"\/\/docs.google.com\/viewer?url=http%3A%2F%2Fwww.leschateaux.ch%2Fwp%2Fwp-content%2Fuploads%2F2021%2F01%2FDOC140121.pdf&hl=fr&embedded=true\" class=\"gde-frame\" style=\"width:100%; height:1000px; border: none;\" scrolling=\"no\"><\/iframe>\n<p class=\"gde-text\"><a href=\"http:\/\/www.leschateaux.ch\/wp\/wp-content\/uploads\/2021\/01\/DOC140121.pdf\" class=\"gde-link\">T\u00e9l\u00e9charger (PDF, 1.2Mo)<\/a><\/p>[\/vc_column_text][\/vc_tta_section][vc_tta_section title=&#8221;2018 : Premiers jeux des EMS vaudois&#8221; tab_id=&#8221;1565861716442-2b379f04-0d99&#8243;][vc_column_text]<iframe src=\"\/\/docs.google.com\/viewer?url=http%3A%2F%2Fwww.leschateaux.ch%2Fwp%2Fwp-content%2Fuploads%2F2019%2F08%2F2018-Premiers-jeux-des-EMS-Vaudois-du-QRA.pdf&hl=fr&embedded=true\" class=\"gde-frame\" style=\"width:100%; height:1000px; border: none;\" scrolling=\"no\"><\/iframe>\n<p class=\"gde-text\"><a href=\"http:\/\/www.leschateaux.ch\/wp\/wp-content\/uploads\/2019\/08\/2018-Premiers-jeux-des-EMS-Vaudois-du-QRA.pdf\" class=\"gde-link\">T\u00e9l\u00e9charger (PDF, 1.01Mo)<\/a><\/p>[\/vc_column_text][\/vc_tta_section][vc_tta_section title=&#8221;2018 : D\u00e9part de M. Mouquin&#8221; tab_id=&#8221;1565862933666-cdd0ef49-2397&#8243;][vc_column_text]<iframe src=\"\/\/docs.google.com\/viewer?url=http%3A%2F%2Fwww.leschateaux.ch%2Fwp%2Fwp-content%2Fuploads%2F2019%2F08%2F2018-Michel-Mouquin.pdf&hl=fr&embedded=true\" class=\"gde-frame\" style=\"width:100%; height:1000px; border: none;\" scrolling=\"no\"><\/iframe>\n<p class=\"gde-text\"><a href=\"http:\/\/www.leschateaux.ch\/wp\/wp-content\/uploads\/2019\/08\/2018-Michel-Mouquin.pdf\" class=\"gde-link\">T\u00e9l\u00e9charger (PDF, 1.37Mo)<\/a><\/p>[\/vc_column_text][\/vc_tta_section][vc_tta_section title=&#8221;2015 : Changement de Direction&#8221; tab_id=&#8221;1565862886794-37c4d4cf-cbd2&#8243;][vc_column_text]<iframe src=\"\/\/docs.google.com\/viewer?url=http%3A%2F%2Fwww.leschateaux.ch%2Fwp%2Fwp-content%2Fuploads%2F2019%2F08%2F2015-Nouveau-directeur.pdf&hl=fr&embedded=true\" class=\"gde-frame\" style=\"width:100%; height:1000px; border: none;\" scrolling=\"no\"><\/iframe>\n<p class=\"gde-text\"><a href=\"http:\/\/www.leschateaux.ch\/wp\/wp-content\/uploads\/2019\/08\/2015-Nouveau-directeur.pdf\" class=\"gde-link\">T\u00e9l\u00e9charger (PDF, 2.26Mo)<\/a><\/p>[\/vc_column_text][\/vc_tta_section][vc_tta_section title=&#8221;2009 : Premi\u00e8re certification ISO&#8221; tab_id=&#8221;1565861716430-39c0e82e-b9f0&#8243;][vc_column_text]<iframe src=\"\/\/docs.google.com\/viewer?url=http%3A%2F%2Fwww.leschateaux.ch%2Fwp%2Fwp-content%2Fuploads%2F2019%2F08%2FPremie%CC%80re-certification-ISO-1.pdf&hl=fr&embedded=true\" class=\"gde-frame\" style=\"width:100%; height:1000px; border: none;\" scrolling=\"no\"><\/iframe>\n<p class=\"gde-text\"><a href=\"http:\/\/www.leschateaux.ch\/wp\/wp-content\/uploads\/2019\/08\/Premie\u0300re-certification-ISO-1.pdf\" class=\"gde-link\">T\u00e9l\u00e9charger (PDF, 1.84Mo)<\/a><\/p>[\/vc_column_text][\/vc_tta_section][vc_tta_section title=&#8221;Place de jeux \u00e0 Goumoens&#8221; tab_id=&#8221;1565862665902-c4750865-698b&#8221;][vc_column_text]<iframe src=\"\/\/docs.google.com\/viewer?url=http%3A%2F%2Fwww.leschateaux.ch%2Fwp%2Fwp-content%2Fuploads%2F2019%2F08%2FPlace-de-jeux-a%CC%80-Goumoens.pdf&hl=fr&embedded=true\" class=\"gde-frame\" style=\"width:100%; height:1000px; border: none;\" scrolling=\"no\"><\/iframe>\n<p class=\"gde-text\"><a href=\"http:\/\/www.leschateaux.ch\/wp\/wp-content\/uploads\/2019\/08\/Place-de-jeux-a\u0300-Goumoens.pdf\" class=\"gde-link\">T\u00e9l\u00e9charger (PDF, 1.72Mo)<\/a><\/p>[\/vc_column_text][\/vc_tta_section][vc_tta_section title=&#8221;8\u00e8me journ\u00e9e de soutien des Amis&#8221; tab_id=&#8221;1565862701626-9da18fac-334f&#8221;][vc_column_text]<iframe src=\"\/\/docs.google.com\/viewer?url=http%3A%2F%2Fwww.leschateaux.ch%2Fwp%2Fwp-content%2Fuploads%2F2019%2F08%2F8e-journe%CC%81e-de-soutien-de-lassociation-des-amis.pdf&hl=fr&embedded=true\" class=\"gde-frame\" style=\"width:100%; height:1000px; border: none;\" scrolling=\"no\"><\/iframe>\n<p class=\"gde-text\"><a href=\"http:\/\/www.leschateaux.ch\/wp\/wp-content\/uploads\/2019\/08\/8e-journe\u0301e-de-soutien-de-lassociation-des-amis.pdf\" class=\"gde-link\">T\u00e9l\u00e9charger (PDF, 1.13Mo)<\/a><\/p>[\/vc_column_text][\/vc_tta_section][vc_tta_section title=&#8221;2009 : Vernissage d&#8217;une fresque \u00e0 Echallens&#8221; tab_id=&#8221;1565862344258-acfa594c-4faa&#8221;][vc_column_text]<iframe src=\"\/\/docs.google.com\/viewer?url=http%3A%2F%2Fwww.leschateaux.ch%2Fwp%2Fwp-content%2Fuploads%2F2019%2F08%2FVernissage-dune-fresque-a%CC%80-Echallens.pdf&hl=fr&embedded=true\" class=\"gde-frame\" style=\"width:100%; height:1000px; border: none;\" scrolling=\"no\"><\/iframe>\n<p class=\"gde-text\"><a href=\"http:\/\/www.leschateaux.ch\/wp\/wp-content\/uploads\/2019\/08\/Vernissage-dune-fresque-a\u0300-Echallens.pdf\" class=\"gde-link\">T\u00e9l\u00e9charger (PDF, 986KB)<\/a><\/p>[\/vc_column_text][\/vc_tta_section][vc_tta_section title=&#8221;2007 : Nouveau v\u00e9hicule&#8221; tab_id=&#8221;1565862780678-45797448-ac65&#8243;][vc_column_text]<iframe src=\"\/\/docs.google.com\/viewer?url=http%3A%2F%2Fwww.leschateaux.ch%2Fwp%2Fwp-content%2Fuploads%2F2019%2F08%2F2007-Nouveau-ve%CC%81hicule.pdf&hl=fr&embedded=true\" class=\"gde-frame\" style=\"width:100%; height:1000px; border: none;\" scrolling=\"no\"><\/iframe>\n<p class=\"gde-text\"><a href=\"http:\/\/www.leschateaux.ch\/wp\/wp-content\/uploads\/2019\/08\/2007-Nouveau-ve\u0301hicule.pdf\" class=\"gde-link\">T\u00e9l\u00e9charger (PDF, 2.05Mo)<\/a><\/p>[\/vc_column_text][\/vc_tta_section][\/vc_tta_tour][\/vc_column][\/vc_row]<\/p>\n<\/div>","protected":false},"excerpt":{"rendered":"<p>[vc_row][vc_column][vc_tta_tour][vc_tta_section title=&#8221;2021 &#8211; Un C\u00e2lin \u00e0 Goumoens &#8211; Deux nouveaux b\u00e2timents en projet&#8221; tab_id=&#8221;1631863574864-6c10ca78-1994&#8243;][vc_column_text][\/vc_column_text][\/vc_tta_section][vc_tta_section title=&#8221;2021 : Des pav\u00e9s pour faciliter l&#8217;acc\u00e8s de la table d&#8217;orientation \u00e0<span class=\"excerpt-hellip\"> [\u2026]<\/span><\/p>\n","protected":false},"author":2,"featured_media":0,"parent":0,"menu_order":0,"comment_status":"closed","ping_status":"open","template":"","meta":{"footnotes":""},"class_list":["post-4349","page","type-page","status-publish","hentry"],"_links":{"self":[{"href":"https:\/\/www.leschateaux.ch\/index.php?rest_route=\/wp\/v2\/pages\/4349","targetHints":{"allow":["GET"]}}],"collection":[{"href":"https:\/\/www.leschateaux.ch\/index.php?rest_route=\/wp\/v2\/pages"}],"about":[{"href":"https:\/\/www.leschateaux.ch\/index.php?rest_route=\/wp\/v2\/types\/page"}],"author":[{"embeddable":true,"href":"https:\/\/www.leschateaux.ch\/index.php?rest_route=\/wp\/v2\/users\/2"}],"replies":[{"embeddable":true,"href":"https:\/\/www.leschateaux.ch\/index.php?rest_route=%2Fwp%2Fv2%2Fcomments&post=4349"}],"version-history":[{"count":23,"href":"https:\/\/www.leschateaux.ch\/index.php?rest_route=\/wp\/v2\/pages\/4349\/revisions"}],"predecessor-version":[{"id":5804,"href":"https:\/\/www.leschateaux.ch\/index.php?rest_route=\/wp\/v2\/pages\/4349\/revisions\/5804"}],"wp:attachment":[{"href":"https:\/\/www.leschateaux.ch\/index.php?rest_route=%2Fwp%2Fv2%2Fmedia&parent=4349"}],"curies":[{"name":"wp","href":"https:\/\/api.w.org\/{rel}","templated":true}]}}

<div class="wpb-content-wrapper"><p>[vc_row][vc_column][vc_tta_tour][vc_tta_section title=&#8221;2021 &#8211; Un Câlin à Goumoens &#8211; Deux nouveaux bâtiments en projet&#8221; tab_id=&#8221;1631863574864-6c10ca78-1994&#8243;][vc_column_text]<iframe src="//docs.google.com/viewer?url=http%3A%2F%2Fwww.leschateaux.ch%2Fwp%2Fwp-content%2Fuploads%2F2021%2F09%2FDOC170921.pdf&hl=fr&embedded=true" class="gde-frame" style="width:100%; height:1000px; border: none;" scrolling="no"></iframe>
<p class="gde-text"><a href="http://www.leschateaux.ch/wp/wp-content/uploads/2021/09/DOC170921.pdf" class="gde-link">Télécharger (PDF, 1.49Mo)</a></p>[/vc_column_text][/vc_tta_section][vc_tta_section title=&#8221;2021 : Des pavés pour faciliter l&#8217;accès de la table d&#8217;orientation à Goumoens&#8221; tab_id=&#8221;1631863180022-c3bf9459-f4ce&#8221;][vc_column_text]<iframe src="//docs.google.com/viewer?url=http%3A%2F%2Fwww.leschateaux.ch%2Fwp%2Fwp-content%2Fuploads%2F2021%2F09%2FArticle-Echo-Assoc-les-Amis.pdf&hl=fr&embedded=true" class="gde-frame" style="width:100%; height:1000px; border: none;" scrolling="no"></iframe>
<p class="gde-text"><a href="http://www.leschateaux.ch/wp/wp-content/uploads/2021/09/Article-Echo-Assoc-les-Amis.pdf" class="gde-link">Télécharger (PDF, 1.24Mo)</a></p>[/vc_column_text][/vc_tta_section][vc_tta_section title=&#8221;2021 : Vaccination en janvier aux Chateaux&#8221; tab_id=&#8221;1611212623772-712c7ec1-3fd2&#8243;][vc_column_text]<iframe src="//docs.google.com/viewer?url=http%3A%2F%2Fwww.leschateaux.ch%2Fwp%2Fwp-content%2Fuploads%2F2021%2F01%2FArticle-Echo-vaccination.pdf&hl=fr&embedded=true" class="gde-frame" style="width:100%; height:1000px; border: none;" scrolling="no"></iframe>
<p class="gde-text"><a href="http://www.leschateaux.ch/wp/wp-content/uploads/2021/01/Article-Echo-vaccination.pdf" class="gde-link">Télécharger (PDF, 2.07Mo)</a></p>[/vc_column_text][/vc_tta_section][vc_tta_section title=&#8221;2020 : Noël des Kiwanis&#8221; tab_id=&#8221;1610621944520-b7820929-22a0&#8243;][vc_column_text]<iframe src="//docs.google.com/viewer?url=http%3A%2F%2Fwww.leschateaux.ch%2Fwp%2Fwp-content%2Fuploads%2F2021%2F01%2FDOC140121.pdf&hl=fr&embedded=true" class="gde-frame" style="width:100%; height:1000px; border: none;" scrolling="no"></iframe>
<p class="gde-text"><a href="http://www.leschateaux.ch/wp/wp-content/uploads/2021/01/DOC140121.pdf" class="gde-link">Télécharger (PDF, 1.2Mo)</a></p>[/vc_column_text][/vc_tta_section][vc_tta_section title=&#8221;2018 : Premiers jeux des EMS vaudois&#8221; tab_id=&#8221;1565861716442-2b379f04-0d99&#8243;][vc_column_text]<iframe src="//docs.google.com/viewer?url=http%3A%2F%2Fwww.leschateaux.ch%2Fwp%2Fwp-content%2Fuploads%2F2019%2F08%2F2018-Premiers-jeux-des-EMS-Vaudois-du-QRA.pdf&hl=fr&embedded=true" class="gde-frame" style="width:100%; height:1000px; border: none;" scrolling="no"></iframe>
<p class="gde-text"><a href="http://www.leschateaux.ch/wp/wp-content/uploads/2019/08/2018-Premiers-jeux-des-EMS-Vaudois-du-QRA.pdf" class="gde-link">Télécharger (PDF, 1.01Mo)</a></p>[/vc_column_text][/vc_tta_section][vc_tta_section title=&#8221;2018 : Départ de M. Mouquin&#8221; tab_id=&#8221;1565862933666-cdd0ef49-2397&#8243;][vc_column_text]<iframe src="//docs.google.com/viewer?url=http%3A%2F%2Fwww.leschateaux.ch%2Fwp%2Fwp-content%2Fuploads%2F2019%2F08%2F2018-Michel-Mouquin.pdf&hl=fr&embedded=true" class="gde-frame" style="width:100%; height:1000px; border: none;" scrolling="no"></iframe>
<p class="gde-text"><a href="http://www.leschateaux.ch/wp/wp-content/uploads/2019/08/2018-Michel-Mouquin.pdf" class="gde-link">Télécharger (PDF, 1.37Mo)</a></p>[/vc_column_text][/vc_tta_section][vc_tta_section title=&#8221;2015 : Changement de Direction&#8221; tab_id=&#8221;1565862886794-37c4d4cf-cbd2&#8243;][vc_column_text]<iframe src="//docs.google.com/viewer?url=http%3A%2F%2Fwww.leschateaux.ch%2Fwp%2Fwp-content%2Fuploads%2F2019%2F08%2F2015-Nouveau-directeur.pdf&hl=fr&embedded=true" class="gde-frame" style="width:100%; height:1000px; border: none;" scrolling="no"></iframe>
<p class="gde-text"><a href="http://www.leschateaux.ch/wp/wp-content/uploads/2019/08/2015-Nouveau-directeur.pdf" class="gde-link">Télécharger (PDF, 2.26Mo)</a></p>[/vc_column_text][/vc_tta_section][vc_tta_section title=&#8221;2009 : Première certification ISO&#8221; tab_id=&#8221;1565861716430-39c0e82e-b9f0&#8243;][vc_column_text]<iframe src="//docs.google.com/viewer?url=http%3A%2F%2Fwww.leschateaux.ch%2Fwp%2Fwp-content%2Fuploads%2F2019%2F08%2FPremie%CC%80re-certification-ISO-1.pdf&hl=fr&embedded=true" class="gde-frame" style="width:100%; height:1000px; border: none;" scrolling="no"></iframe>
<p class="gde-text"><a href="http://www.leschateaux.ch/wp/wp-content/uploads/2019/08/Première-certification-ISO-1.pdf" class="gde-link">Télécharger (PDF, 1.84Mo)</a></p>[/vc_column_text][/vc_tta_section][vc_tta_section title=&#8221;Place de jeux à Goumoens&#8221; tab_id=&#8221;1565862665902-c4750865-698b&#8221;][vc_column_text]<iframe src="//docs.google.com/viewer?url=http%3A%2F%2Fwww.leschateaux.ch%2Fwp%2Fwp-content%2Fuploads%2F2019%2F08%2FPlace-de-jeux-a%CC%80-Goumoens.pdf&hl=fr&embedded=true" class="gde-frame" style="width:100%; height:1000px; border: none;" scrolling="no"></iframe>
<p class="gde-text"><a href="http://www.leschateaux.ch/wp/wp-content/uploads/2019/08/Place-de-jeux-à-Goumoens.pdf" class="gde-link">Télécharger (PDF, 1.72Mo)</a></p>[/vc_column_text][/vc_tta_section][vc_tta_section title=&#8221;8ème journée de soutien des Amis&#8221; tab_id=&#8221;1565862701626-9da18fac-334f&#8221;][vc_column_text]<iframe src="//docs.google.com/viewer?url=http%3A%2F%2Fwww.leschateaux.ch%2Fwp%2Fwp-content%2Fuploads%2F2019%2F08%2F8e-journe%CC%81e-de-soutien-de-lassociation-des-amis.pdf&hl=fr&embedded=true" class="gde-frame" style="width:100%; height:1000px; border: none;" scrolling="no"></iframe>
<p class="gde-text"><a href="http://www.leschateaux.ch/wp/wp-content/uploads/2019/08/8e-journée-de-soutien-de-lassociation-des-amis.pdf" class="gde-link">Télécharger (PDF, 1.13Mo)</a></p>[/vc_column_text][/vc_tta_section][vc_tta_section title=&#8221;2009 : Vernissage d&#8217;une fresque à Echallens&#8221; tab_id=&#8221;1565862344258-acfa594c-4faa&#8221;][vc_column_text]<iframe src="//docs.google.com/viewer?url=http%3A%2F%2Fwww.leschateaux.ch%2Fwp%2Fwp-content%2Fuploads%2F2019%2F08%2FVernissage-dune-fresque-a%CC%80-Echallens.pdf&hl=fr&embedded=true" class="gde-frame" style="width:100%; height:1000px; border: none;" scrolling="no"></iframe>
<p class="gde-text"><a href="http://www.leschateaux.ch/wp/wp-content/uploads/2019/08/Vernissage-dune-fresque-à-Echallens.pdf" class="gde-link">Télécharger (PDF, 986KB)</a></p>[/vc_column_text][/vc_tta_section][vc_tta_section title=&#8221;2007 : Nouveau véhicule&#8221; tab_id=&#8221;1565862780678-45797448-ac65&#8243;][vc_column_text]<iframe src="//docs.google.com/viewer?url=http%3A%2F%2Fwww.leschateaux.ch%2Fwp%2Fwp-content%2Fuploads%2F2019%2F08%2F2007-Nouveau-ve%CC%81hicule.pdf&hl=fr&embedded=true" class="gde-frame" style="width:100%; height:1000px; border: none;" scrolling="no"></iframe>
<p class="gde-text"><a href="http://www.leschateaux.ch/wp/wp-content/uploads/2019/08/2007-Nouveau-véhicule.pdf" class="gde-link">Télécharger (PDF, 2.05Mo)</a></p>[/vc_column_text][/vc_tta_section][/vc_tta_tour][/vc_column][/vc_row]</p>
</div>

<p>[vc_row][vc_column][vc_tta_tour][vc_tta_section title=&#8221;2021 &#8211; Un Câlin à Goumoens &#8211; Deux nouveaux bâtiments en projet&#8221; tab_id=&#8221;1631863574864-6c10ca78-1994&#8243;][vc_column_text][/vc_column_text][/vc_tta_section][vc_tta_section title=&#8221;2021 : Des pavés pour faciliter l&#8217;accès de la table d&#8217;orientation à<span class="excerpt-hellip"> […]</span></p>
