{"id":1246,"date":"2013-09-24T22:35:36","date_gmt":"2013-09-24T21:35:36","guid":{"rendered":"http:\/\/www.leschateaux.ch\/wp\/?page_id=1246"},"modified":"2019-09-20T08:03:21","modified_gmt":"2019-09-20T06:03:21","slug":"administration","status":"publish","type":"page","link":"https:\/\/www.leschateaux.ch\/?page_id=1246","title":{"rendered":"Administration"},"content":{"rendered":"<h4>R\u00e9ception<strong> :<\/strong><\/h4>\n<p>Notre caf\u00e9t\u00e9ria fait office de\u00a0r\u00e9ception du lundi au vendredi,<br \/>\nde <strong>10h45<\/strong> \u00e0 <strong>17h15<\/strong>.<\/p>\n<p><a href=\"mailto:p.ianz@leschateaux.org\"><strong>info@leschateaux.org<\/strong><\/a><br \/>\nt\u00e9l : <strong>021 \/ 886 35\u00a035<\/strong><br \/>\nfax : <strong>021 \/ 886 35\u00a034<br \/>\n<\/strong><\/p>\n<p><strong>\u00a0<\/strong><\/p>\n","protected":false},"excerpt":{"rendered":"<p>R\u00e9ception : Notre caf\u00e9t\u00e9ria fait office de\u00a0r\u00e9ception du lundi au vendredi, de 10h45 \u00e0 17h15. info@leschateaux.org t\u00e9l : 021 \/ 886 35\u00a035 fax : 021 \/<span class=\"excerpt-hellip\"> [\u2026]<\/span><\/p>\n","protected":false},"author":4,"featured_media":0,"parent":1230,"menu_order":5,"comment_status":"closed","ping_status":"closed","template":"","meta":{"footnotes":""},"class_list":["post-1246","page","type-page","status-publish","hentry"],"_links":{"self":[{"href":"https:\/\/www.leschateaux.ch\/index.php?rest_route=\/wp\/v2\/pages\/1246","targetHints":{"allow":["GET"]}}],"collection":[{"href":"https:\/\/www.leschateaux.ch\/index.php?rest_route=\/wp\/v2\/pages"}],"about":[{"href":"https:\/\/www.leschateaux.ch\/index.php?rest_route=\/wp\/v2\/types\/page"}],"author":[{"embeddable":true,"href":"https:\/\/www.leschateaux.ch\/index.php?rest_route=\/wp\/v2\/users\/4"}],"replies":[{"embeddable":true,"href":"https:\/\/www.leschateaux.ch\/index.php?rest_route=%2Fwp%2Fv2%2Fcomments&post=1246"}],"version-history":[{"count":10,"href":"https:\/\/www.leschateaux.ch\/index.php?rest_route=\/wp\/v2\/pages\/1246\/revisions"}],"predecessor-version":[{"id":4657,"href":"https:\/\/www.leschateaux.ch\/index.php?rest_route=\/wp\/v2\/pages\/1246\/revisions\/4657"}],"up":[{"embeddable":true,"href":"https:\/\/www.leschateaux.ch\/index.php?rest_route=\/wp\/v2\/pages\/1230"}],"wp:attachment":[{"href":"https:\/\/www.leschateaux.ch\/index.php?rest_route=%2Fwp%2Fv2%2Fmedia&parent=1246"}],"curies":[{"name":"wp","href":"https:\/\/api.w.org\/{rel}","templated":true}]}}