{"id":1136,"date":"2013-06-26T15:32:41","date_gmt":"2013-06-26T14:32:41","guid":{"rendered":"http:\/\/www.leschateaux.ch\/wp\/?page_id=1136"},"modified":"2022-04-26T13:54:57","modified_gmt":"2022-04-26T11:54:57","slug":"maintenance-et-securite","status":"publish","type":"page","link":"https:\/\/www.leschateaux.ch\/?page_id=1136","title":{"rendered":"Maintenance et s\u00e9curit\u00e9"},"content":{"rendered":"<p>D\u00e8s l&#8217;entr\u00e9e, le <strong>service technique<\/strong> se tient \u00e0 disposition du <em><strong>R\u00e9sident<\/strong><\/em> afin de l&#8217;aider dans l&#8217;am\u00e9nagement de sa chambre et de r\u00e9pondre au fur et mesure \u00e0 ses diverses demandes.<br \/>\nLes activit\u00e9s de ce service sont tr\u00e8s larges, car elles touchent autant \u00e0 la <strong>maintenance<\/strong> et aux <strong>r\u00e9parations<\/strong> des \u00e9quipements, qu&#8217;\u00e0 l&#8217;<strong>entretien<\/strong> et la <strong>transformation<\/strong> des infrastructures. Le service technique s&#8217;occupe aussi de l&#8217;entretien ext\u00e9rieur.<br \/>\nLe <strong><em>chef technique<\/em><\/strong> est \u00e9galement responsable de la <strong>s\u00e9curit\u00e9<\/strong>. Un <strong>EMS<\/strong> doit \u00eatre un lieu <strong>s\u00e9curis\u00e9<\/strong> (acc\u00e8s aux lieux, signalisation, mains-courantes, \u00e9quipement adapt\u00e9 aux diff\u00e9rents degr\u00e9s de pathologies, etc.) et r\u00e9pondre \u00e0 des lois et normes strictes cantonales et f\u00e9d\u00e9rales.<\/p>\n<p>Notre \u00e9tablissement est \u00e9quip\u00e9 d&#8217;un <strong>syst\u00e8me de d\u00e9tection d&#8217;incendie<\/strong> directement reli\u00e9 \u00e0 la centrale d&#8217;alarme des pompiers.<br \/>\nLe personnel est sensibilis\u00e9, au minimum une fois par ann\u00e9e, aux risques et \u00e0 la pr\u00e9vention du feu et \u00e0 la s\u00e9curit\u00e9 de mani\u00e8re plus large.<\/p>\n<p><strong>Manuel Ferreira<br \/>\nChef technique\u00a0<\/strong><a href=\"http:\/\/www.leschateaux.ch\/wp\/wp-content\/uploads\/2013\/12\/800_2651_900p1.jpg\"><br \/>\n<img loading=\"lazy\" decoding=\"async\" class=\"alignnone wp-image-1565\" src=\"http:\/\/www.leschateaux.ch\/wp\/wp-content\/uploads\/2013\/12\/800_2651_900p1.jpg\" alt=\"800_2651_900p\" width=\"220\" height=\"220\" srcset=\"https:\/\/www.leschateaux.ch\/wp\/wp-content\/uploads\/2013\/12\/800_2651_900p1.jpg 900w, https:\/\/www.leschateaux.ch\/wp\/wp-content\/uploads\/2013\/12\/800_2651_900p1-150x150.jpg 150w, https:\/\/www.leschateaux.ch\/wp\/wp-content\/uploads\/2013\/12\/800_2651_900p1-300x300.jpg 300w, https:\/\/www.leschateaux.ch\/wp\/wp-content\/uploads\/2013\/12\/800_2651_900p1-200x200.jpg 200w\" sizes=\"auto, (max-width:767px) 220px, 220px\" \/><\/a><\/p>\n<p><strong><a href=\"mailto:tech.ech@leschateaux.org\">tech.ech@leschateaux.org<\/a><\/strong><br \/>\n<strong>t\u00e9l : 021 \/ 886 39 72<\/strong><br \/>\n<strong> fax : 021 \/ 886 36 35<\/strong><\/p>\n","protected":false},"excerpt":{"rendered":"<p>D\u00e8s l&#8217;entr\u00e9e, le service technique se tient \u00e0 disposition du R\u00e9sident afin de l&#8217;aider dans l&#8217;am\u00e9nagement de sa chambre et de r\u00e9pondre au fur et mesure<span class=\"excerpt-hellip\"> [\u2026]<\/span><\/p>\n","protected":false},"author":4,"featured_media":0,"parent":1208,"menu_order":6,"comment_status":"closed","ping_status":"closed","template":"","meta":{"footnotes":""},"class_list":["post-1136","page","type-page","status-publish","hentry"],"_links":{"self":[{"href":"https:\/\/www.leschateaux.ch\/index.php?rest_route=\/wp\/v2\/pages\/1136","targetHints":{"allow":["GET"]}}],"collection":[{"href":"https:\/\/www.leschateaux.ch\/index.php?rest_route=\/wp\/v2\/pages"}],"about":[{"href":"https:\/\/www.leschateaux.ch\/index.php?rest_route=\/wp\/v2\/types\/page"}],"author":[{"embeddable":true,"href":"https:\/\/www.leschateaux.ch\/index.php?rest_route=\/wp\/v2\/users\/4"}],"replies":[{"embeddable":true,"href":"https:\/\/www.leschateaux.ch\/index.php?rest_route=%2Fwp%2Fv2%2Fcomments&post=1136"}],"version-history":[{"count":10,"href":"https:\/\/www.leschateaux.ch\/index.php?rest_route=\/wp\/v2\/pages\/1136\/revisions"}],"predecessor-version":[{"id":6315,"href":"https:\/\/www.leschateaux.ch\/index.php?rest_route=\/wp\/v2\/pages\/1136\/revisions\/6315"}],"up":[{"embeddable":true,"href":"https:\/\/www.leschateaux.ch\/index.php?rest_route=\/wp\/v2\/pages\/1208"}],"wp:attachment":[{"href":"https:\/\/www.leschateaux.ch\/index.php?rest_route=%2Fwp%2Fv2%2Fmedia&parent=1136"}],"curies":[{"name":"wp","href":"https:\/\/api.w.org\/{rel}","templated":true}]}}

Maintenance et sécurité

<p>Dès l&#8217;entrée, le <strong>service technique</strong> se tient à disposition du <em><strong>Résident</strong></em> afin de l&#8217;aider dans l&#8217;aménagement de sa chambre et de répondre au fur et mesure à ses diverses demandes.<br />
Les activités de ce service sont très larges, car elles touchent autant à la <strong>maintenance</strong> et aux <strong>réparations</strong> des équipements, qu&#8217;à l&#8217;<strong>entretien</strong> et la <strong>transformation</strong> des infrastructures. Le service technique s&#8217;occupe aussi de l&#8217;entretien extérieur.<br />
Le <strong><em>chef technique</em></strong> est également responsable de la <strong>sécurité</strong>. Un <strong>EMS</strong> doit être un lieu <strong>sécurisé</strong> (accès aux lieux, signalisation, mains-courantes, équipement adapté aux différents degrés de pathologies, etc.) et répondre à des lois et normes strictes cantonales et fédérales.</p>
<p>Notre établissement est équipé d&#8217;un <strong>système de détection d&#8217;incendie</strong> directement relié à la centrale d&#8217;alarme des pompiers.<br />
Le personnel est sensibilisé, au minimum une fois par année, aux risques et à la prévention du feu et à la sécurité de manière plus large.</p>
<p><strong>Manuel Ferreira<br />
Chef technique </strong><a href="http://www.leschateaux.ch/wp/wp-content/uploads/2013/12/800_2651_900p1.jpg"><br />
<img loading="lazy" decoding="async" class="alignnone wp-image-1565" src="http://www.leschateaux.ch/wp/wp-content/uploads/2013/12/800_2651_900p1.jpg" alt="800_2651_900p" width="220" height="220" srcset="https://www.leschateaux.ch/wp/wp-content/uploads/2013/12/800_2651_900p1.jpg 900w, https://www.leschateaux.ch/wp/wp-content/uploads/2013/12/800_2651_900p1-150x150.jpg 150w, https://www.leschateaux.ch/wp/wp-content/uploads/2013/12/800_2651_900p1-300x300.jpg 300w, https://www.leschateaux.ch/wp/wp-content/uploads/2013/12/800_2651_900p1-200x200.jpg 200w" sizes="auto, (max-width:767px) 220px, 220px" /></a></p>
<p><strong><a href="mailto:tech.ech@leschateaux.org">tech.ech@leschateaux.org</a></strong><br />
<strong>tél : 021 / 886 39 72</strong><br />
<strong> fax : 021 / 886 36 35</strong></p>

<p>Dès l&#8217;entrée, le service technique se tient à disposition du Résident afin de l&#8217;aider dans l&#8217;aménagement de sa chambre et de répondre au fur et mesure<span class="excerpt-hellip"> […]</span></p>
