{"id":1114,"date":"2013-06-26T15:25:57","date_gmt":"2013-06-26T14:25:57","guid":{"rendered":"http:\/\/www.leschateaux.ch\/wp\/?page_id=1114"},"modified":"2022-05-12T10:03:12","modified_gmt":"2022-05-12T08:03:12","slug":"suivi-medical","status":"publish","type":"page","link":"https:\/\/www.leschateaux.ch\/?page_id=1114","title":{"rendered":"Suivi m\u00e9dical"},"content":{"rendered":"<div class=\"wpb-content-wrapper\"><p>[vc_row][vc_column][vc_column_text]Chaque site a un m\u00e9decin responsable qui effectue une visite hebdomadaire, mais intervient \u00e9galement sur appel.<br \/>\nEn cas de besoin, les \u00e9quipes mobiles soins palliatifs et psychiatrie sont \u00e0 disposition.<\/p>\n<p>Les diagnostics, les traitements m\u00e9dicamenteux et les effets secondaires sont expliqu\u00e9s aux R\u00e9sidents de mani\u00e8re syst\u00e9matique.<\/p>\n<p><span style=\"text-decoration: underline;\"><strong>Un service de piquet est assur\u00e9 24 heures sur 24 et 7 jours sur 7<\/strong>.<\/span><br \/>\nN\u00e9anmoins le R\u00e9sident a la possibilit\u00e9 de garder son propre m\u00e9decin.<\/p>\n<p style=\"text-align: left;\"><strong>Dr Fr\u00e9d\u00e9ric Anex<br \/>\nm\u00e9decin responsable Echallens<\/strong><strong><br \/>\n<img loading=\"lazy\" decoding=\"async\" class=\"alignleft wp-image-6344\" src=\"https:\/\/www.leschateaux.ch\/wp\/wp-content\/uploads\/2022\/05\/LesChateaux-Team2022-053_ppNB.jpg\" alt=\"\" width=\"200\" height=\"200\" srcset=\"https:\/\/www.leschateaux.ch\/wp\/wp-content\/uploads\/2022\/05\/LesChateaux-Team2022-053_ppNB.jpg 960w, https:\/\/www.leschateaux.ch\/wp\/wp-content\/uploads\/2022\/05\/LesChateaux-Team2022-053_ppNB-150x150@2x.jpg 300w, https:\/\/www.leschateaux.ch\/wp\/wp-content\/uploads\/2022\/05\/LesChateaux-Team2022-053_ppNB-150x150.jpg 150w, https:\/\/www.leschateaux.ch\/wp\/wp-content\/uploads\/2022\/05\/LesChateaux-Team2022-053_ppNB-146x146.jpg 146w, https:\/\/www.leschateaux.ch\/wp\/wp-content\/uploads\/2022\/05\/LesChateaux-Team2022-053_ppNB-50x50.jpg 50w, https:\/\/www.leschateaux.ch\/wp\/wp-content\/uploads\/2022\/05\/LesChateaux-Team2022-053_ppNB-75x75.jpg 75w, https:\/\/www.leschateaux.ch\/wp\/wp-content\/uploads\/2022\/05\/LesChateaux-Team2022-053_ppNB-85x85.jpg 85w, https:\/\/www.leschateaux.ch\/wp\/wp-content\/uploads\/2022\/05\/LesChateaux-Team2022-053_ppNB-80x80.jpg 80w, https:\/\/www.leschateaux.ch\/wp\/wp-content\/uploads\/2022\/05\/LesChateaux-Team2022-053_ppNB-300x300@2x.jpg 600w\" sizes=\"auto, (max-width:767px) 200px, 200px\" \/><\/strong><\/p>\n<p>[\/vc_column_text][\/vc_column][\/vc_row]<\/p>\n<\/div>","protected":false},"excerpt":{"rendered":"<p>[vc_row][vc_column][vc_column_text]Chaque site a un m\u00e9decin responsable qui effectue une visite hebdomadaire, mais intervient \u00e9galement sur appel. En cas de besoin, les \u00e9quipes mobiles soins palliatifs et<span class=\"excerpt-hellip\"> [\u2026]<\/span><\/p>\n","protected":false},"author":4,"featured_media":0,"parent":1208,"menu_order":2,"comment_status":"closed","ping_status":"open","template":"","meta":{"footnotes":""},"class_list":["post-1114","page","type-page","status-publish","hentry"],"_links":{"self":[{"href":"https:\/\/www.leschateaux.ch\/index.php?rest_route=\/wp\/v2\/pages\/1114","targetHints":{"allow":["GET"]}}],"collection":[{"href":"https:\/\/www.leschateaux.ch\/index.php?rest_route=\/wp\/v2\/pages"}],"about":[{"href":"https:\/\/www.leschateaux.ch\/index.php?rest_route=\/wp\/v2\/types\/page"}],"author":[{"embeddable":true,"href":"https:\/\/www.leschateaux.ch\/index.php?rest_route=\/wp\/v2\/users\/4"}],"replies":[{"embeddable":true,"href":"https:\/\/www.leschateaux.ch\/index.php?rest_route=%2Fwp%2Fv2%2Fcomments&post=1114"}],"version-history":[{"count":5,"href":"https:\/\/www.leschateaux.ch\/index.php?rest_route=\/wp\/v2\/pages\/1114\/revisions"}],"predecessor-version":[{"id":6351,"href":"https:\/\/www.leschateaux.ch\/index.php?rest_route=\/wp\/v2\/pages\/1114\/revisions\/6351"}],"up":[{"embeddable":true,"href":"https:\/\/www.leschateaux.ch\/index.php?rest_route=\/wp\/v2\/pages\/1208"}],"wp:attachment":[{"href":"https:\/\/www.leschateaux.ch\/index.php?rest_route=%2Fwp%2Fv2%2Fmedia&parent=1114"}],"curies":[{"name":"wp","href":"https:\/\/api.w.org\/{rel}","templated":true}]}}