{"id":1102,"date":"2013-06-26T15:21:23","date_gmt":"2013-06-26T14:21:23","guid":{"rendered":"http:\/\/www.leschateaux.ch\/wp\/?page_id=1102"},"modified":"2020-10-26T15:50:31","modified_gmt":"2020-10-26T13:50:31","slug":"presentation","status":"publish","type":"page","link":"https:\/\/www.leschateaux.ch\/?page_id=1102","title":{"rendered":"Pr\u00e9sentation"},"content":{"rendered":"<div class=\"wpb-content-wrapper\"><p>[vc_row][vc_column][vc_column_text]L&#8217;immeuble est situ\u00e9 proche de la place du march\u00e9, des \u00e9tablissements publics et des commerces.<br \/>\nLe b\u00e2timent est construit sur <strong>5 \u00e9tages<\/strong> et sa capacit\u00e9 d&#8217;accueil s&#8217;\u00e9l\u00e8ve \u00e0 <strong>51 lits<\/strong>. L&#8217;acc\u00e8s en est facile soit par la route, soit par le train <strong>Lausanne-Echallens-Bercher (LEB)<\/strong>.<\/p>\n<p>Au <strong>rez inf\u00e9rieur<\/strong>, nous trouvons des locaux pour les gestionnaires en intendance, \u00e9conomat, d\u00e9chetterie, vestiaires ainsi qu&#8217;une chapelle \u00e0 disposition des familles. Le rez-de-chauss\u00e9e offre des locaux d&#8217;accueil avec <strong>caf\u00e9t\u00e9ria<\/strong>, ouverte au public, <strong>r\u00e9ception<\/strong> et y abrite l&#8217;administration g\u00e9n\u00e9rale de la <strong>Fondation Les Ch\u00e2teaux<\/strong>.<\/p>\n<p>Le <strong>1er \u00e9tage<\/strong> abrite des locaux d&#8217;animation, la cuisine, le <strong>salon de coiffure<\/strong>, la terrasse, une <strong>salle polyvalente<\/strong>, une salle \u00e0 manger ainsi que l\u2019\u00c9tage<strong> Bleu<\/strong>. La capacit\u00e9 d&#8217;accueil de cette <strong>unit\u00e9 g\u00e9riatrique<\/strong> est de <strong>19 lits longs s\u00e9jours<\/strong> et de <strong>2 lits courts s\u00e9jours<\/strong>.<\/p>\n<p>Le <strong>2\u00e8me \u00e9tage<\/strong> abrite les locaux du service technique, une <strong>salle \u00e0 manger<\/strong> et l&#8217;<strong>unit\u00e9 g\u00e9riatrique<\/strong> de l\u2019<strong>\u00c9tage Rose<\/strong>. Sa capacit\u00e9 d&#8217;accueil est de <strong>30 lits longs s\u00e9jours<\/strong>.<\/p>\n<p>Au <strong>3\u00e8me \u00e9tage<\/strong>, on trouve la <strong>salle de formation<\/strong>, les vestiaires et des <strong>locaux multi-fonctions<\/strong> (animation, couture, archives).<\/p>\n<p>Les chambres (<strong>35 individuelles et 8 doubles<\/strong>) sont \u00e9quip\u00e9es d&#8217;un lavabo, d&#8217;une armoire, d&#8217;un lit m\u00e9dicalis\u00e9 et d&#8217;une table de nuit. Les meubles sont apport\u00e9s par le <strong>R\u00e9sident<\/strong>.<\/p>\n\n\t\t\t<style type='text\/css'>\n\t\t\t\t#sc_gallery-1 {\n\t\t\t\t\tmargin: auto;\n\t\t\t\t}\n\t\t\t\t#sc_gallery-1 .gallery-item {\n\t\t\t\t\tfloat: left;\n\t\t\t\t\ttext-align: center;\n\t\t\t\t\twidth: 19.99%;\n\t\t\t\t}\n\t\t\t\t#sc_gallery-1 img {\n\t\t\t\t\tborder: 2px solid #cfcfcf;\n\t\t\t\t}\n\t\t\t\t\/* see sc_gallery() in functions\/theme-shortcodes.php *\/\n\t\t\t<\/style>\n\t\t<div id='sc_gallery-1' class='gallery galleryid-1102 gallery-columns-5 gallery-size-thumbnail file element_classes gallery-default'><dl class='gallery-item'  data-title='slider_base-940x300p-02' data-description=''><div class='gallery-item-wrapper'>\n\t\t\t\t<dt class='gallery-icon landscape'>\n\t\t\t\t\t<a href='https:\/\/www.leschateaux.ch\/wp\/wp-content\/uploads\/2013\/09\/slider_base-940x300p-02.jpg'><img loading=\"lazy\" decoding=\"async\" width=\"150\" height=\"150\" src=\"https:\/\/www.leschateaux.ch\/wp\/wp-content\/uploads\/2013\/09\/slider_base-940x300p-02-150x150.jpg\" class=\"attachment-thumbnail size-thumbnail\" alt=\"\" srcset=\"https:\/\/www.leschateaux.ch\/wp\/wp-content\/uploads\/2013\/09\/slider_base-940x300p-02-150x150.jpg 150w, https:\/\/www.leschateaux.ch\/wp\/wp-content\/uploads\/2013\/09\/slider_base-940x300p-02-200x200.jpg 200w, https:\/\/www.leschateaux.ch\/wp\/wp-content\/uploads\/2013\/09\/slider_base-940x300p-02-150x150@2x.jpg 300w\" sizes=\"auto, (max-width:767px) 150px, 150px\" \/><\/a>\n\t\t\t\t<\/dt><\/div><\/dl><dl class='gallery-item'  data-title='reception_echallens-004' data-description=''><div class='gallery-item-wrapper'>\n\t\t\t\t<dt class='gallery-icon landscape'>\n\t\t\t\t\t<a href='https:\/\/www.leschateaux.ch\/wp\/wp-content\/uploads\/2014\/05\/reception_echallens-004.jpg'><img loading=\"lazy\" decoding=\"async\" width=\"150\" height=\"150\" src=\"https:\/\/www.leschateaux.ch\/wp\/wp-content\/uploads\/2014\/05\/reception_echallens-004-150x150.jpg\" class=\"attachment-thumbnail size-thumbnail\" alt=\"\" srcset=\"https:\/\/www.leschateaux.ch\/wp\/wp-content\/uploads\/2014\/05\/reception_echallens-004-150x150.jpg 150w, https:\/\/www.leschateaux.ch\/wp\/wp-content\/uploads\/2014\/05\/reception_echallens-004-200x200.jpg 200w\" sizes=\"auto, (max-width:767px) 150px, 150px\" \/><\/a>\n\t\t\t\t<\/dt><\/div><\/dl><dl class='gallery-item'  data-title='chambres-echallens-003' data-description=''><div class='gallery-item-wrapper'>\n\t\t\t\t<dt class='gallery-icon landscape'>\n\t\t\t\t\t<a href='https:\/\/www.leschateaux.ch\/wp\/wp-content\/uploads\/2013\/06\/chambres-echallens-003.jpg'><img loading=\"lazy\" decoding=\"async\" width=\"150\" height=\"150\" src=\"https:\/\/www.leschateaux.ch\/wp\/wp-content\/uploads\/2013\/06\/chambres-echallens-003-150x150.jpg\" class=\"attachment-thumbnail size-thumbnail\" alt=\"\" srcset=\"https:\/\/www.leschateaux.ch\/wp\/wp-content\/uploads\/2013\/06\/chambres-echallens-003-150x150.jpg 150w, https:\/\/www.leschateaux.ch\/wp\/wp-content\/uploads\/2013\/06\/chambres-echallens-003-200x200.jpg 200w\" sizes=\"auto, (max-width:767px) 150px, 150px\" \/><\/a>\n\t\t\t\t<\/dt><\/div><\/dl><dl class='gallery-item'  data-title='reception_cafeteria-echallens-008' data-description=''><div class='gallery-item-wrapper'>\n\t\t\t\t<dt class='gallery-icon landscape'>\n\t\t\t\t\t<a href='https:\/\/www.leschateaux.ch\/wp\/wp-content\/uploads\/2013\/06\/reception_cafeteria-echallens-008.jpg'><img loading=\"lazy\" decoding=\"async\" width=\"150\" height=\"150\" src=\"https:\/\/www.leschateaux.ch\/wp\/wp-content\/uploads\/2013\/06\/reception_cafeteria-echallens-008-150x150.jpg\" class=\"attachment-thumbnail size-thumbnail\" alt=\"\" srcset=\"https:\/\/www.leschateaux.ch\/wp\/wp-content\/uploads\/2013\/06\/reception_cafeteria-echallens-008-150x150.jpg 150w, https:\/\/www.leschateaux.ch\/wp\/wp-content\/uploads\/2013\/06\/reception_cafeteria-echallens-008-200x200.jpg 200w\" sizes=\"auto, (max-width:767px) 150px, 150px\" \/><\/a>\n\t\t\t\t<\/dt><\/div><\/dl><dl class='gallery-item'  data-title='interieurs_echallens-007' data-description=''><div class='gallery-item-wrapper'>\n\t\t\t\t<dt class='gallery-icon landscape'>\n\t\t\t\t\t<a href='https:\/\/www.leschateaux.ch\/wp\/wp-content\/uploads\/2014\/04\/interieurs_echallens-007.jpg'><img loading=\"lazy\" decoding=\"async\" width=\"150\" height=\"150\" src=\"https:\/\/www.leschateaux.ch\/wp\/wp-content\/uploads\/2014\/04\/interieurs_echallens-007-150x150.jpg\" class=\"attachment-thumbnail size-thumbnail\" alt=\"\" srcset=\"https:\/\/www.leschateaux.ch\/wp\/wp-content\/uploads\/2014\/04\/interieurs_echallens-007-150x150.jpg 150w, https:\/\/www.leschateaux.ch\/wp\/wp-content\/uploads\/2014\/04\/interieurs_echallens-007-200x200.jpg 200w\" sizes=\"auto, (max-width:767px) 150px, 150px\" \/><\/a>\n\t\t\t\t<\/dt><\/div><\/dl><br style=\"clear: both\" \/>\n\t\t\t<\/div>\n\n<p>[\/vc_column_text][\/vc_column][\/vc_row]<\/p>\n<\/div>","protected":false},"excerpt":{"rendered":"<p>[vc_row][vc_column][vc_column_text]L&#8217;immeuble est situ\u00e9 proche de la place du march\u00e9, des \u00e9tablissements publics et des commerces. Le b\u00e2timent est construit sur 5 \u00e9tages et sa capacit\u00e9 d&#8217;accueil<span class=\"excerpt-hellip\"> [\u2026]<\/span><\/p>\n","protected":false},"author":4,"featured_media":0,"parent":1208,"menu_order":1,"comment_status":"closed","ping_status":"open","template":"","meta":{"footnotes":""},"class_list":["post-1102","page","type-page","status-publish","hentry"],"_links":{"self":[{"href":"https:\/\/www.leschateaux.ch\/index.php?rest_route=\/wp\/v2\/pages\/1102","targetHints":{"allow":["GET"]}}],"collection":[{"href":"https:\/\/www.leschateaux.ch\/index.php?rest_route=\/wp\/v2\/pages"}],"about":[{"href":"https:\/\/www.leschateaux.ch\/index.php?rest_route=\/wp\/v2\/types\/page"}],"author":[{"embeddable":true,"href":"https:\/\/www.leschateaux.ch\/index.php?rest_route=\/wp\/v2\/users\/4"}],"replies":[{"embeddable":true,"href":"https:\/\/www.leschateaux.ch\/index.php?rest_route=%2Fwp%2Fv2%2Fcomments&post=1102"}],"version-history":[{"count":11,"href":"https:\/\/www.leschateaux.ch\/index.php?rest_route=\/wp\/v2\/pages\/1102\/revisions"}],"predecessor-version":[{"id":5354,"href":"https:\/\/www.leschateaux.ch\/index.php?rest_route=\/wp\/v2\/pages\/1102\/revisions\/5354"}],"up":[{"embeddable":true,"href":"https:\/\/www.leschateaux.ch\/index.php?rest_route=\/wp\/v2\/pages\/1208"}],"wp:attachment":[{"href":"https:\/\/www.leschateaux.ch\/index.php?rest_route=%2Fwp%2Fv2%2Fmedia&parent=1102"}],"curies":[{"name":"wp","href":"https:\/\/api.w.org\/{rel}","templated":true}]}}