{"id":1090,"date":"2013-06-26T15:09:13","date_gmt":"2013-06-26T14:09:13","guid":{"rendered":"http:\/\/www.leschateaux.ch\/wp\/?page_id=1090"},"modified":"2023-05-11T10:37:24","modified_gmt":"2023-05-11T08:37:24","slug":"politique-institutionnelle","status":"publish","type":"page","link":"https:\/\/www.leschateaux.ch\/?page_id=1090","title":{"rendered":"Politique Institutionnelle"},"content":{"rendered":"<p>La mission de l\u2019institution ne peut s\u2019accomplir que dans un environnement propice et appropri\u00e9 mis en \u00e9vidence par l\u2019exploitation du syst\u00e8me de management d\u00e9crit dans le Manuel Qualit\u00e9.<\/p>\n<p><strong>En cons\u00e9quence, la Direction s\u2019engage\u00a0:<\/strong><\/p>\n<ul>\n<li>A \u00e9tablir et entretenir des relations constructives avec les diff\u00e9rents partenaires politiques, \u00e9conomiques et sociaux.<\/li>\n<li>A promouvoir un management participatif permettant \u00e0 chaque collaboratrice et collaborateur d\u2019utiliser ses comp\u00e9tences personnelles.<\/li>\n<li>A \u00e9tablir et r\u00e9\u00e9valuer p\u00e9riodiquement la politique de communication et d\u2019information.<\/li>\n<li>A d\u00e9velopper et maintenir une gestion de l\u2019am\u00e9lioration pertinente et efficace.<\/li>\n<li>A \u00e9tablir un v\u00e9ritable partenariat avec les intervenants externes \u00e0 l\u2019\u00e9tablissement et \u00e0 \u00e9valuer leurs prestations et leurs fournitures.<\/li>\n<li>A utiliser judicieusement les ressources financi\u00e8res \u00e0 disposition par la pratique d\u2019une gestion saine et transparente.<\/li>\n<li>A offrir aux collaboratrices et collaborateurs des formations en fonction des besoins et attentes des usagers, ainsi que de la politique strat\u00e9gique de l\u2019institution.<\/li>\n<li>A mesurer p\u00e9riodiquement la satisfaction et la performance de l\u2019ensemble du personnel.<\/li>\n<li>A prendre en consid\u00e9ration les besoins sp\u00e9cifiques des B\u00e9n\u00e9ficiaires, de leurs familles et de leurs repr\u00e9sentants, par un dialogue constructif et permanent.<\/li>\n<li>A fournir aux B\u00e9n\u00e9ficiaires des prestations personnalis\u00e9es et actualis\u00e9es, notamment par le biais d\u2019un Projet Individuel d\u2019Accompagnement (PIA) adapt\u00e9 en fonction des besoins de chaque B\u00e9n\u00e9ficiaire.<\/li>\n<li>A se pr\u00e9occuper du confort et de l\u2019ambiance des lieux de vie, dans le but de favoriser le bien-\u00eatre de chacun.<\/li>\n<li>A d\u00e9velopper les infrastructures et les prestations afin de r\u00e9pondre aux besoins des B\u00e9n\u00e9ficiaires, des collaboratrices et collaborateurs.<\/li>\n<li>A r\u00e9\u00e9valuer p\u00e9riodiquement le Concept d\u2019accompagnement et de soins afin de garantir son ad\u00e9quation par rapport aux besoins et attentes des B\u00e9n\u00e9ficiaires, des familles et du r\u00e9seau.<\/li>\n<li>A garantir la s\u00e9curit\u00e9 des B\u00e9n\u00e9ficiaires, des collaboratrices et collaborateurs par une analyse syst\u00e9matique des risques \u00e0 tous les niveaux des processus de l\u2019institution, tant au niveau des infrastructures qu\u2019au niveau de la sant\u00e9 et de l\u2019hygi\u00e8ne.<\/li>\n<li>A s\u2019engager avec toutes les ressources et aptitudes dont nous disposons en faveur du bien-\u00eatre et de la s\u00e9curit\u00e9 des B\u00e9n\u00e9ficiaires, des collaboratrices et collaborateurs, et en faveur de l\u2019environnement.<\/li>\n<li>A prendre toutes les mesures n\u00e9cessaires pour garantir la s\u00e9curit\u00e9 des donn\u00e9es personnelles des B\u00e9n\u00e9ficiaires, des collaboratrices et collaborateurs conform\u00e9ment \u00e0 la l\u00e9gislation suisse sur la protection des donn\u00e9es (LPD).<\/li>\n<\/ul>\n","protected":false},"excerpt":{"rendered":"<p>La mission de l\u2019institution ne peut s\u2019accomplir que dans un environnement propice et appropri\u00e9 mis en \u00e9vidence par l\u2019exploitation du syst\u00e8me de management d\u00e9crit dans le<span class=\"excerpt-hellip\"> [\u2026]<\/span><\/p>\n","protected":false},"author":4,"featured_media":0,"parent":1077,"menu_order":2,"comment_status":"closed","ping_status":"open","template":"","meta":{"footnotes":""},"class_list":["post-1090","page","type-page","status-publish","hentry"],"_links":{"self":[{"href":"https:\/\/www.leschateaux.ch\/index.php?rest_route=\/wp\/v2\/pages\/1090","targetHints":{"allow":["GET"]}}],"collection":[{"href":"https:\/\/www.leschateaux.ch\/index.php?rest_route=\/wp\/v2\/pages"}],"about":[{"href":"https:\/\/www.leschateaux.ch\/index.php?rest_route=\/wp\/v2\/types\/page"}],"author":[{"embeddable":true,"href":"https:\/\/www.leschateaux.ch\/index.php?rest_route=\/wp\/v2\/users\/4"}],"replies":[{"embeddable":true,"href":"https:\/\/www.leschateaux.ch\/index.php?rest_route=%2Fwp%2Fv2%2Fcomments&post=1090"}],"version-history":[{"count":2,"href":"https:\/\/www.leschateaux.ch\/index.php?rest_route=\/wp\/v2\/pages\/1090\/revisions"}],"predecessor-version":[{"id":6997,"href":"https:\/\/www.leschateaux.ch\/index.php?rest_route=\/wp\/v2\/pages\/1090\/revisions\/6997"}],"up":[{"embeddable":true,"href":"https:\/\/www.leschateaux.ch\/index.php?rest_route=\/wp\/v2\/pages\/1077"}],"wp:attachment":[{"href":"https:\/\/www.leschateaux.ch\/index.php?rest_route=%2Fwp%2Fv2%2Fmedia&parent=1090"}],"curies":[{"name":"wp","href":"https:\/\/api.w.org\/{rel}","templated":true}]}}