{"id":1084,"date":"2013-06-26T15:05:42","date_gmt":"2013-06-26T14:05:42","guid":{"rendered":"http:\/\/www.leschateaux.ch\/wp\/?page_id=1084"},"modified":"2025-01-08T12:46:29","modified_gmt":"2025-01-08T10:46:29","slug":"presentation","status":"publish","type":"page","link":"https:\/\/www.leschateaux.ch\/?page_id=1084","title":{"rendered":"Pr\u00e9sentation"},"content":{"rendered":"<div class=\"wpb-content-wrapper\"><p>[vc_row][vc_column][vc_column_text]La Fondation <strong>LES CH\u00c2TEAUX<\/strong> est une Fondation d\u2019utilit\u00e9 publique, politiquement et confessionnellement neutre, ne poursuivant aucun but lucratif. Elle g\u00e8re <strong>un EMS \u00e0 Echallens, un EMS \u00e0 Goumoens, <\/strong><strong>le Centre d&#8217;Accueil Temporaire (CAT) Noumea \u00e0 Echallens, ainsi que quatre R\u00e9sidences de logements adapt\u00e9s avec accompagnement (LADA) \u00e0 Villars-le-Terroir, Cugy, Bercher et Goumoens.<\/strong><\/p>\n<p>La Fondation\u00a0<strong>LES CH\u00c2TEAUX<\/strong> est une institution d\u00e9veloppant une politique g\u00e9n\u00e9rale centr\u00e9e sur les besoins du B\u00e9n\u00e9ficiaire. Elle h\u00e9berge des personnes \u00e2g\u00e9es en perte d\u2019autonomie, en long s\u00e9jour ou en court s\u00e9jour en leur offrant des prestations d\u2019accompagnement adapt\u00e9es \u00e0 leurs besoins individuels.<\/p>\n<p>La Fondation est membre de <strong>H\u00e9vivA,<\/strong>\u00a0association vaudoise\u00a0d&#8217;institutions m\u00e9dico-psycho-sociales\u00a0et du R\u00e9seau Sant\u00e9 R\u00e9gion Lausanne (<strong>RSRL<\/strong>).<\/p>\n<p style=\"text-align: left;\">Depuis 2002, la Fondation\u00a0<strong>LES CH\u00c2TEAUX<\/strong> est certifi\u00e9e Qualit\u00e9 par l\u2019organisme <strong>ProCert<\/strong> dans les normes<strong> ISO 9001-2008, puis ISO 9001-2015.\u00a0<\/strong><\/p>\n<p>Le passage \u00e0 la norme ISO 9001-2015 prouve la volont\u00e9 de la Fondation <strong>LES CH\u00c2TEAUX<\/strong> d&#8217;am\u00e9lioration continue de ses processus, services et produits ainsi que sa longue pratique de la certification.[\/vc_column_text][vc_row_inner][vc_column_inner width=&#8221;1\/2&#8243;][vc_single_image image=&#8221;1816&#8243; img_size=&#8221;full&#8221; alignment=&#8221;center&#8221;][\/vc_column_inner][vc_column_inner width=&#8221;1\/2&#8243;][\/vc_column_inner][vc_column_inner][\/vc_column_inner][\/vc_row_inner][vc_column_text]Pendant l\u2019ann\u00e9e 2012, la Fondation a suivi la formation <strong>&#8220;Introduction aux soins palliatifs dans les EMS&#8221;<\/strong>.<br \/>\nCe programme comprend la formation interdisciplinaire permettant l\u2019\u00e9laboration de projets institutionnels.[\/vc_column_text][vc_row_inner][vc_column_inner width=&#8221;1\/2&#8243;][vc_single_image image=&#8221;1815&#8243; img_size=&#8221;full&#8221; alignment=&#8221;center&#8221;][\/vc_column_inner][vc_column_inner width=&#8221;1\/2&#8243;][vc_single_image image=&#8221;3691&#8243; img_size=&#8221;full&#8221; alignment=&#8221;center&#8221;][\/vc_column_inner][\/vc_row_inner][vc_row_inner][vc_column_inner width=&#8221;1\/2&#8243;][vc_single_image image=&#8221;7547&#8243; img_size=&#8221;full&#8221; alignment=&#8221;center&#8221;][\/vc_column_inner][vc_column_inner width=&#8221;1\/2&#8243;][vc_single_image image=&#8221;7543&#8243; img_size=&#8221;full&#8221; alignment=&#8221;center&#8221;][\/vc_column_inner][\/vc_row_inner][vc_row_inner][vc_column_inner width=&#8221;1\/2&#8243;][vc_single_image image=&#8221;7551&#8243; img_size=&#8221;full&#8221; alignment=&#8221;center&#8221;][\/vc_column_inner][vc_column_inner width=&#8221;1\/2&#8243;][vc_single_image image=&#8221;7832&#8243; img_size=&#8221;medium&#8221; alignment=&#8221;center&#8221;][\/vc_column_inner][\/vc_row_inner][vc_row_inner][vc_column_inner width=&#8221;1\/2&#8243;][vc_single_image image=&#8221;8168&#8243; img_size=&#8221;full&#8221; alignment=&#8221;center&#8221;][\/vc_column_inner][vc_column_inner width=&#8221;1\/2&#8243;][vc_single_image img_size=&#8221;medium&#8221; alignment=&#8221;center&#8221;][\/vc_column_inner][\/vc_row_inner][\/vc_column][\/vc_row]<\/p>\n<\/div>","protected":false},"excerpt":{"rendered":"<p>[vc_row][vc_column][vc_column_text]La Fondation LES CH\u00c2TEAUX est une Fondation d\u2019utilit\u00e9 publique, politiquement et confessionnellement neutre, ne poursuivant aucun but lucratif. Elle g\u00e8re un EMS \u00e0 Echallens, un EMS<span class=\"excerpt-hellip\"> [\u2026]<\/span><\/p>\n","protected":false},"author":4,"featured_media":0,"parent":1077,"menu_order":1,"comment_status":"open","ping_status":"closed","template":"","meta":{"footnotes":""},"class_list":["post-1084","page","type-page","status-publish","hentry"],"_links":{"self":[{"href":"https:\/\/www.leschateaux.ch\/index.php?rest_route=\/wp\/v2\/pages\/1084","targetHints":{"allow":["GET"]}}],"collection":[{"href":"https:\/\/www.leschateaux.ch\/index.php?rest_route=\/wp\/v2\/pages"}],"about":[{"href":"https:\/\/www.leschateaux.ch\/index.php?rest_route=\/wp\/v2\/types\/page"}],"author":[{"embeddable":true,"href":"https:\/\/www.leschateaux.ch\/index.php?rest_route=\/wp\/v2\/users\/4"}],"replies":[{"embeddable":true,"href":"https:\/\/www.leschateaux.ch\/index.php?rest_route=%2Fwp%2Fv2%2Fcomments&post=1084"}],"version-history":[{"count":31,"href":"https:\/\/www.leschateaux.ch\/index.php?rest_route=\/wp\/v2\/pages\/1084\/revisions"}],"predecessor-version":[{"id":8488,"href":"https:\/\/www.leschateaux.ch\/index.php?rest_route=\/wp\/v2\/pages\/1084\/revisions\/8488"}],"up":[{"embeddable":true,"href":"https:\/\/www.leschateaux.ch\/index.php?rest_route=\/wp\/v2\/pages\/1077"}],"wp:attachment":[{"href":"https:\/\/www.leschateaux.ch\/index.php?rest_route=%2Fwp%2Fv2%2Fmedia&parent=1084"}],"curies":[{"name":"wp","href":"https:\/\/api.w.org\/{rel}","templated":true}]}}